
2, 11
Let c be 6/(-14) - 330/(-35). Suppose -c*u = -13*u - 4. List the prime factors of (-2 - (u - -2)) + 71.
2, 17
Let c = 1315 + -115. Suppose 12*x - c = 2*x. What are the prime factors of x?
2, 3, 5
Let z = 2365 - 905. List the prime factors of z.
2, 5, 73
Suppose -120 = -5*u - 4*r, -4*u + 76 = 5*r - 29. Let j = 22 + -18. Suppose 3*h - j*h = -u. List the prime factors of h.
2, 5
Let n(w) = 5*w**2 + w + 1. Let u be n(-1). Let d(v) = 9*v - 3. Let a be d(2). Let z = a - u. What are the prime factors of z?
2, 5
Let c(h) = 9*h**3 - 3*h**2 + 5*h - 1. What are the prime factors of c(3)?
2, 5, 23
Let v be ((-690)/4)/(5/(-10)). Suppose -4*w + v = 3*f, 234 - 27 = 2*f - 5*w. What are the prime factors of f?
3, 37
Suppose 2*b + b + 2*z - 57 = 0, -z = -3*b + 48. Let o = b + -14. Suppose -3*s - 122 = -o*i - 5*s, 0 = 2*i + 4*s - 84. List the prime factors of i.
2, 5
What are the prime factors of 2/(-7) + (-14)/((-490)/52895)?
1511
List the prime factors of 2844/2 - (72/3)/(-3).
2, 5, 11, 13
Let n(p) = -7*p**3 - 2*p**2 - 3*p + 8. What are the prime factors of n(-5)?
2, 53
Let w(k) = k**2 - 2*k - 4. Let q be w(6). Let a = -48 - -40. Let u = q + a. List the prime factors of u.
2, 3
List the prime factors of -122 + 119 - (-246 + 0/1).
3
Let q(r) = -215*r - 10. Let j be q(-6). Suppose 0 = 34*x - 26*x - j. What are the prime factors of x?
2, 5
Let c(g) be the third derivative of g**5/30 - g**4/12 + 5*g**3/3 + 13*g**2. List the prime factors of c(7).
2, 47
Suppose 242*x - 247*x + 1575 = 0. What are the prime factors of x?
3, 5, 7
Let s(l) be the second derivative of -l**5/20 - l**4/12 + l**3/3 - 7*l**2 + 9*l. Let f be s(0). Let v = f - -52. What are the prime factors of v?
2, 19
Let k = 12 + 11. Suppose r = l - 5, -4*l + 22 + k = r. What are the prime factors of l?
2, 5
Let h(j) = -7*j - 2. Let k be h(-4). Suppose -d + 34 = -k. What are the prime factors of d?
2, 3, 5
Suppose -3*v = -5*k - 1 + 247, -2*k + 87 = -5*v. Suppose 46*q = k*q - 920. What are the prime factors of q?
2, 23
What are the prime factors of (-3)/((9/(-16))/(8799/28))?
2, 419
Suppose 13*a - 11*a - 250 = -2*n, 5*n - 4*a - 661 = 0. What are the prime factors of n?
3, 43
Suppose -p = -85*g + 83*g + 1419, -2131 = -3*g + 2*p. What are the prime factors of g?
7, 101
Suppose 2*z + 288 = 3*z. Let m be (9 + -10)/(2/(-4)). Suppose 0 = 2*x + m*x - z. List the prime factors of x.
2, 3
Suppose -d - b = -4046, 15552 = 5*d - 4*b - 4687. What are the prime factors of d?
3, 19, 71
Let m(f) = 9*f - 22. Let y(d) = 4*d - 11. Let p(i) = 6*m(i) - 13*y(i). List the prime factors of p(11).
3, 11
Let x(r) = -r**2 - 7 + 6*r + 22*r**2 - r**3 - 9. List the prime factors of x(21).
2, 5, 11
Let f be ((-2)/(-6))/(4/12) - -83. Let g = 175 - f. What are the prime factors of g?
7, 13
List the prime factors of (-2)/((27/36)/((-2550)/4)).
2, 5, 17
Let g = -48 + -12. Let b = g + 62. List the prime factors of b.
2
Let m = 5935 + -713. List the prime factors of m.
2, 7, 373
List the prime factors of (-1 + 690 - -2) + (-13 - -8).
2, 7
Let k = 1624 - 819. Suppose -4*p = p + 5*s - k, -165 = -p + s. List the prime factors of p.
163
Let j(n) = 6*n**2 - n + 6. Let y be j(-6). Let b = -154 + y. Suppose 6 = -2*o + b. List the prime factors of o.
2, 17
Suppose 12*y - 481 + 1705 = 0. Suppose 0 = -j - 3*j - 16. What are the prime factors of ((-2)/j)/((-3)/y)?
17
Let c be 0 + (-4)/((-16)/(-132)). List the prime factors of (-2448)/c - -1 - 6/33.
3, 5
Let b = 14 - 22. List the prime factors of (-166)/b - 9/(-36).
3, 7
Let v be 2 + 4 + -3 + 0. Suppose 4*l + 203 = 5*o - 52, v*l = 2*o - 193. Let h = -39 - l. List the prime factors of h.
2, 13
Let a be ((-1)/(-4))/(-2*(-1)/40). Suppose 2*d + 519 = 3*t, 71 - 261 = -t - a*d. List the prime factors of t.
5, 7
Suppose t + 0*t = 3*d - 12, -12 = -3*d + 3*t. Suppose d*n - 60 = 80. List the prime factors of n*(1/1)/1.
5, 7
Suppose -2*o + 3 = 1. What are the prime factors of 2223/52 + o/4?
43
Suppose -4*s - u - 7777 = -9*s, 3*u = 3*s - 4659. What are the prime factors of s?
2, 389
Let z(y) = 26 - y**3 - 3 + 9*y + 8*y - 15*y**2. What are the prime factors of z(-16)?
7
Suppose -4360 = -10*h - 210. What are the prime factors of h?
5, 83
List the prime factors of 6*(6 + (-11277)/(-54)).
1289
List the prime factors of 1485/(-660)*(-632)/6.
3, 79
Suppose 9621 + 1025 = 5*t - 4*v, 2*v = -t + 2118. List the prime factors of t.
2, 1063
Let w = 161 + 968. List the prime factors of w.
1129
Let o(m) = 2*m + 2 - 7*m - 3. Let x be o(-1). Suppose -3*z + 113 = x*l, 0 + 8 = 4*l. List the prime factors of z.
5, 7
Let l(b) = 3*b**2 + 24*b + 27. List the prime factors of l(12).
3, 83
Let u(m) = -8*m**2 + 2*m - 5. Let n be u(-3). Let s = -59 - n. What are the prime factors of s?
2, 3
Suppose -2*m = -4*w - m + 259, -2*w = -m - 131. Suppose -61*j = -w*j + 48. Suppose -3*i + 32 = -j. List the prime factors of i.
2
List the prime factors of 303/((14/(-7) + 4)/30).
3, 5, 101
Let l(g) = 2*g**2 - 38*g - 83. List the prime factors of l(24).
157
Let b be 582/(-24) + 1/4. Let l = b - -34. Suppose -65 = -3*n - 5*h, -2*h = 3*h + l. What are the prime factors of n?
5
Suppose 14*s = 12*s - 4*h + 866, 2*s + 3*h = 871. List the prime factors of s.
443
Let s(p) = -85*p + 1. Let u be s(-1). Suppose -42 = -2*h + u. List the prime factors of h.
2
List the prime factors of (-4)/7 + (-8328)/(-21).
2, 3, 11
Let t(s) = -15*s - 8. Let g be t(-4). Suppose -g + 514 = 6*o. Let z = o - 45. What are the prime factors of z?
2
Let o(b) = -6*b**3 - 3*b**2 + 3*b + 10. What are the prime factors of o(-3)?
2, 17
Suppose -17*w + 24*w + 2520 = 0. Let y = 595 + w. List the prime factors of y.
5, 47
Suppose -a = -2*x + 1005, 1574 - 39 = 3*x + 4*a. List the prime factors of x.
5, 101
Suppose 2*b + c = -205, 0*b + 3*b + c + 309 = 0. Let p = b + 149. What are the prime factors of p?
3, 5
Suppose -13*j + 5476 = -35331. What are the prime factors of j?
43, 73
Let g(d) = -23*d - 9. Suppose -4*x - 12 = -28. Let u = -8 + x. List the prime factors of g(u).
83
Let k(b) = 347*b - 100. What are the prime factors of k(3)?
941
Suppose -6760 = -5*o + 5*a, -3*o + 4*o - 1342 = -4*a. List the prime factors of o.
2, 3, 5
Let u = -385 - -522. List the prime factors of u.
137
Let h(c) = 18*c + 4. Let f(m) = 9*m + 2. Suppose -2*n + 3*n + 4 = 0, 2*n = -4*i + 8. Let s(y) = i*h(y) - 7*f(y). List the prime factors of s(2).
2, 5
Let a(t) = -2*t**3 - 2*t**2 + 3*t + 3. Let i be a(-2). Suppose -10 + 0 = i*g. What are the prime factors of 9/3 + 1 - g?
2, 3
Let a(i) = 12*i**3 + i**2 - 1. Suppose -3*z = -6*z - 3. Let d be a(z). Let l = d + 17. List the prime factors of l.
5
Suppose 0 = 6*j - 2368 - 3554. What are the prime factors of j?
3, 7, 47
Suppose z - 6 = 4*z. List the prime factors of (-3110)/(-20) + ((-3)/z - 1).
2, 3, 13
Suppose -4*q - 104 = 5*j, 0 = -j - 5*q - 3 - 1. Let u = -35 - -23. Let g = u - j. List the prime factors of g.
2, 3
Let v(z) = -3*z + 9. Let a(k) = k - 4. Let n(f) = -5*a(f) - 2*v(f). Let b be n(2). Suppose i = 3*d - 184, d - b*d + 3*i = -192. List the prime factors of d.
2, 3, 5
Suppose 23 - 59 = 2*o. Let x = o - -10. Let l = x + 11. List the prime factors of l.
3
Let c be 40/(-10)*(-2)/(-8). Let f be c*(-2 - -3)*-71. Suppose 2*l - w = -2*w + f, -w = -l + 28. List the prime factors of l.
3, 11
Suppose -5*m = 10, 8532 = -0*c + 3*c + 3*m. What are the prime factors of c?
2, 1423
Let a(d) = 2*d + 14. Let m(j) = -j - 13. Let q(o) = -3*a(o) - 2*m(o). What are the prime factors of q(-6)?
2
Let n be ((-6)/2)/(-3) + -921. What are the prime factors of n/(-5) + (0 - 1)?
3, 61
Let b(p) = p + 1. Let z(y) = 2*y**2 - 9*y - 1. Let n(a) = 4*b(a) + z(a). Let w be n(3). What are the prime factors of ((-108)/(-21))/(w/21)?
2, 3
Suppose 0 = 2*n - 3*z - 609, 3*n + 3*z - 775 = 131. What are the prime factors of n?
3, 101
Let p(w) = 9*w**3 - 14*w**2 + 3*w - 18. What are the prime factors of p(6)?
2, 3, 5
Let j = 18 + -39. List the prime factors of 20/3*(-126)/j.
2, 5
List the prime factors of 1*86*10/((-70)/(-63)).
2, 3, 43
Let r = -158 - -183. List the prime factors of (-17 + -1)*r/(-10).
3, 5
Suppose r + 5*i = -1 - 5, -2*i = -2*r - 24. Let a(q) = q**2 + 10*q - 8. Let t be a(r). Suppose 4*v = 2*z + 52, 3*v - 1 = 4*v + t*z. List the prime factors of v.
11
Let j(a) = -a**2 + 21*a - 23. Let b 